{"id":1635,"date":"2025-02-06T12:29:17","date_gmt":"2025-02-06T12:29:17","guid":{"rendered":"https:\/\/solvitsl.com\/tienda\/?page_id=1635"},"modified":"2025-02-07T10:15:10","modified_gmt":"2025-02-07T10:15:10","slug":"accesibilidad","status":"publish","type":"page","link":"https:\/\/solvitsl.com\/tienda\/accesibilidad\/","title":{"rendered":"Accesibilidad"},"content":{"rendered":"<p>IMSSOLVIT S.L., entidad privada empresarial, se ha comprometido a hacer accesible su sitio web, de conformidad con el Real Decreto 1112\/2018, de 7 de septiembre, sobre accesibilidad de los sitios web y aplicaciones para dispositivos m\u00f3viles del sector p\u00fablico.<\/p><p>La presente declaraci\u00f3n de accesibilidad se aplica al sitio web <a>https:\/\/solvitsl.com\/<\/a>:<\/p><p><strong>Situaci\u00f3n de cumplimiento<\/strong><br>Este sitio web es plenamente conforme con el RD 1112\/2018.<\/p><p><strong>Preparaci\u00f3n para la siguiente declaraci\u00f3n de accesibilidad<\/strong><br>La presente declaraci\u00f3n fue actualizada el 16 de enero de 2024.<\/p><p>El m\u00e9todo empleado para preparar la declaraci\u00f3n ha sido una autoevaluaci\u00f3n llevada a cabo por el propio organismo.<\/p><p><strong>Observaciones y datos de contacto<\/strong><\/p><p>Puede realizar comunicaciones sobre requisitos de accesibilidad (art\u00edculo 10.2.a del RD 1112\/2018) como, por ejemplo:<\/p><ul class=\"wp-block-list\"><li>Informar sobre cualquier posible incumplimiento por parte de este sitio web.<\/li>\n\n<li>Transmitir otras dificultades de acceso al contenido.<\/li>\n\n<li>Formular cualquier otra consulta o sugerencia de mejora relativa a la accesibilidad del sitio web a trav\u00e9s del correo de contacto de este sitio web o a trav\u00e9s del n\u00famero de tel\u00e9fono (+34) 931 167 519.<\/li><\/ul><p>Puede presentar:<\/p><ul class=\"wp-block-list\"><li>Queja relativa al cumplimiento de los requisitos del RD 1112\/2018 o<\/li>\n\n<li>Solicitud de Informaci\u00f3n accesible relativa a:<ul class=\"wp-block-list\"><li>Contenidos que est\u00e1n excluidos del \u00e1mbito de aplicaci\u00f3n del RD 1112\/2018 seg\u00fan lo establecido por el art\u00edculo 3, apartado 4.<\/li>\n\n<li>Contenidos que est\u00e1n exentos del cumplimiento de los requisitos de accesibilidad por imponer una carga desproporcionada.<\/li><\/ul><\/li><\/ul><p>En la solicitud de informaci\u00f3n accesible, se debe concretar, con toda claridad, los hechos, razones y petici\u00f3n que permitan constatar que se trata de una solicitud razonable y leg\u00edtima.<\/p><p><strong>Contenido opcional<\/strong><br>Este portal est\u00e1 dise\u00f1ado para poder cambiar el tama\u00f1o del texto y el color, as\u00ed como el fondo de la p\u00e1gina mediante el icono de accesibilidad visible en todas las p\u00e1ginas de la web y mediante las opciones de configuraci\u00f3n est\u00e1ndar de los navegadores.<\/p><p>Si desea cambiar el tama\u00f1o de letra del texto en los principales navegadores gr\u00e1ficos utilice los siguientes men\u00fas:<\/p><ul class=\"wp-block-list\"><li><strong>Internet Explorer, Mozilla y Firefox<\/strong>: Ver > Tama\u00f1o del texto<\/li>\n\n<li><strong>Opera<\/strong>: Ver > Zoom<\/li>\n\n<li><strong>Safari<\/strong>: Ver > Hacer el texto m\u00e1s grande<\/li>\n\n<li><strong>Chrome<\/strong>: Controla la p\u00e1gina actual > Tama\u00f1o del texto<\/li><\/ul><p>Para modificar el tama\u00f1o de todo en la p\u00e1gina:<\/p><ul class=\"wp-block-list\"><li><strong>Ctrl + +<\/strong> para aumentarlo.<\/li>\n\n<li><strong>Ctrl + \u2013<\/strong> para disminuirlo.<\/li>\n\n<li><strong>Ctrl + 0<\/strong> restaura el tama\u00f1o original del texto.<\/li><\/ul><p>Si lo que quiere es anular la hoja de estilos o modificar el color del texto, puede consultar la p\u00e1gina \u00abHow to Change Text Size or Colors\u00bb de la WAI, que se puede leer traducida al espa\u00f1ol en \u00ab\u00bfC\u00f3mo cambiar el tama\u00f1o del texto o colores?\u00bb<\/p>","protected":false},"excerpt":{"rendered":"<p>IMSSOLVIT S.L., entidad privada empresarial, se ha comprometido a hacer accesible su sitio web, de conformidad con el Real Decreto [&hellip;]<\/p>\n","protected":false},"author":10,"featured_media":0,"parent":0,"menu_order":0,"comment_status":"closed","ping_status":"closed","template":"","meta":{"_uag_custom_page_level_css":"","site-sidebar-layout":"default","site-content-layout":"","ast-site-content-layout":"default","site-content-style":"default","site-sidebar-style":"default","ast-global-header-display":"","ast-banner-title-visibility":"","ast-main-header-display":"","ast-hfb-above-header-display":"","ast-hfb-below-header-display":"","ast-hfb-mobile-header-display":"","site-post-title":"","ast-breadcrumbs-content":"","ast-featured-img":"","footer-sml-layout":"","ast-disable-related-posts":"","theme-transparent-header-meta":"","adv-header-id-meta":"","stick-header-meta":"","header-above-stick-meta":"","header-main-stick-meta":"","header-below-stick-meta":"","astra-migrate-meta-layouts":"set","ast-page-background-enabled":"default","ast-page-background-meta":{"desktop":{"background-color":"var(--ast-global-color-4)","background-image":"","background-repeat":"repeat","background-position":"center center","background-size":"auto","background-attachment":"scroll","background-type":"","background-media":"","overlay-type":"","overlay-color":"","overlay-opacity":"","overlay-gradient":""},"tablet":{"background-color":"","background-image":"","background-repeat":"repeat","background-position":"center center","background-size":"auto","background-attachment":"scroll","background-type":"","background-media":"","overlay-type":"","overlay-color":"","overlay-opacity":"","overlay-gradient":""},"mobile":{"background-color":"","background-image":"","background-repeat":"repeat","background-position":"center center","background-size":"auto","background-attachment":"scroll","background-type":"","background-media":"","overlay-type":"","overlay-color":"","overlay-opacity":"","overlay-gradient":""}},"ast-content-background-meta":{"desktop":{"background-color":"var(--ast-global-color-5)","background-image":"","background-repeat":"repeat","background-position":"center center","background-size":"auto","background-attachment":"scroll","background-type":"","background-media":"","overlay-type":"","overlay-color":"","overlay-opacity":"","overlay-gradient":""},"tablet":{"background-color":"var(--ast-global-color-5)","background-image":"","background-repeat":"repeat","background-position":"center center","background-size":"auto","background-attachment":"scroll","background-type":"","background-media":"","overlay-type":"","overlay-color":"","overlay-opacity":"","overlay-gradient":""},"mobile":{"background-color":"var(--ast-global-color-5)","background-image":"","background-repeat":"repeat","background-position":"center center","background-size":"auto","background-attachment":"scroll","background-type":"","background-media":"","overlay-type":"","overlay-color":"","overlay-opacity":"","overlay-gradient":""}},"footnotes":""},"class_list":["post-1635","page","type-page","status-publish","hentry"],"yoast_head":"<!-- This site is optimized with the Yoast SEO plugin v24.4 - https:\/\/yoast.com\/wordpress\/plugins\/seo\/ -->\n<title>Accesibilidad - Solvit<\/title>\n<meta name=\"robots\" content=\"noindex, nofollow\" \/>\n<meta property=\"og:locale\" content=\"es_ES\" \/>\n<meta property=\"og:type\" content=\"article\" \/>\n<meta property=\"og:title\" content=\"Accesibilidad - Solvit\" \/>\n<meta property=\"og:description\" content=\"IMSSOLVIT S.L., entidad privada empresarial, se ha comprometido a hacer accesible su sitio web, de conformidad con el Real Decreto [&hellip;]\" \/>\n<meta property=\"og:url\" content=\"https:\/\/solvitsl.com\/tienda\/accesibilidad\/\" \/>\n<meta property=\"og:site_name\" content=\"Solvit\" \/>\n<meta property=\"article:modified_time\" content=\"2025-02-07T10:15:10+00:00\" \/>\n<meta name=\"twitter:card\" content=\"summary_large_image\" \/>\n<meta name=\"twitter:label1\" content=\"Tiempo de lectura\" \/>\n\t<meta name=\"twitter:data1\" content=\"2 minutos\" \/>\n<script type=\"application\/ld+json\" class=\"yoast-schema-graph\">{\"@context\":\"https:\/\/schema.org\",\"@graph\":[{\"@type\":\"WebPage\",\"@id\":\"https:\/\/solvitsl.com\/tienda\/accesibilidad\/\",\"url\":\"https:\/\/solvitsl.com\/tienda\/accesibilidad\/\",\"name\":\"Accesibilidad - Solvit\",\"isPartOf\":{\"@id\":\"https:\/\/solvitsl.com\/tienda\/#website\"},\"datePublished\":\"2025-02-06T12:29:17+00:00\",\"dateModified\":\"2025-02-07T10:15:10+00:00\",\"breadcrumb\":{\"@id\":\"https:\/\/solvitsl.com\/tienda\/accesibilidad\/#breadcrumb\"},\"inLanguage\":\"es\",\"potentialAction\":[{\"@type\":\"ReadAction\",\"target\":[\"https:\/\/solvitsl.com\/tienda\/accesibilidad\/\"]}]},{\"@type\":\"BreadcrumbList\",\"@id\":\"https:\/\/solvitsl.com\/tienda\/accesibilidad\/#breadcrumb\",\"itemListElement\":[{\"@type\":\"ListItem\",\"position\":1,\"name\":\"Portada\",\"item\":\"https:\/\/solvitsl.com\/tienda\/\"},{\"@type\":\"ListItem\",\"position\":2,\"name\":\"Accesibilidad\"}]},{\"@type\":\"WebSite\",\"@id\":\"https:\/\/solvitsl.com\/tienda\/#website\",\"url\":\"https:\/\/solvitsl.com\/tienda\/\",\"name\":\"Solvit\",\"description\":\"\",\"publisher\":{\"@id\":\"https:\/\/solvitsl.com\/tienda\/#organization\"},\"potentialAction\":[{\"@type\":\"SearchAction\",\"target\":{\"@type\":\"EntryPoint\",\"urlTemplate\":\"https:\/\/solvitsl.com\/tienda\/?s={search_term_string}\"},\"query-input\":{\"@type\":\"PropertyValueSpecification\",\"valueRequired\":true,\"valueName\":\"search_term_string\"}}],\"inLanguage\":\"es\"},{\"@type\":\"Organization\",\"@id\":\"https:\/\/solvitsl.com\/tienda\/#organization\",\"name\":\"Solvit\",\"url\":\"https:\/\/solvitsl.com\/tienda\/\",\"logo\":{\"@type\":\"ImageObject\",\"inLanguage\":\"es\",\"@id\":\"https:\/\/solvitsl.com\/tienda\/#\/schema\/logo\/image\/\",\"url\":\"https:\/\/solvitsl.com\/tienda\/wp-content\/uploads\/2025\/02\/zipwp-image-4003.png\",\"contentUrl\":\"https:\/\/solvitsl.com\/tienda\/wp-content\/uploads\/2025\/02\/zipwp-image-4003.png\",\"width\":440,\"height\":139,\"caption\":\"Solvit\"},\"image\":{\"@id\":\"https:\/\/solvitsl.com\/tienda\/#\/schema\/logo\/image\/\"}}]}<\/script>\n<!-- \/ Yoast SEO plugin. -->","yoast_head_json":{"title":"Accesibilidad - Solvit","robots":{"index":"noindex","follow":"nofollow"},"og_locale":"es_ES","og_type":"article","og_title":"Accesibilidad - Solvit","og_description":"IMSSOLVIT S.L., entidad privada empresarial, se ha comprometido a hacer accesible su sitio web, de conformidad con el Real Decreto [&hellip;]","og_url":"https:\/\/solvitsl.com\/tienda\/accesibilidad\/","og_site_name":"Solvit","article_modified_time":"2025-02-07T10:15:10+00:00","twitter_card":"summary_large_image","twitter_misc":{"Tiempo de lectura":"2 minutos"},"schema":{"@context":"https:\/\/schema.org","@graph":[{"@type":"WebPage","@id":"https:\/\/solvitsl.com\/tienda\/accesibilidad\/","url":"https:\/\/solvitsl.com\/tienda\/accesibilidad\/","name":"Accesibilidad - Solvit","isPartOf":{"@id":"https:\/\/solvitsl.com\/tienda\/#website"},"datePublished":"2025-02-06T12:29:17+00:00","dateModified":"2025-02-07T10:15:10+00:00","breadcrumb":{"@id":"https:\/\/solvitsl.com\/tienda\/accesibilidad\/#breadcrumb"},"inLanguage":"es","potentialAction":[{"@type":"ReadAction","target":["https:\/\/solvitsl.com\/tienda\/accesibilidad\/"]}]},{"@type":"BreadcrumbList","@id":"https:\/\/solvitsl.com\/tienda\/accesibilidad\/#breadcrumb","itemListElement":[{"@type":"ListItem","position":1,"name":"Portada","item":"https:\/\/solvitsl.com\/tienda\/"},{"@type":"ListItem","position":2,"name":"Accesibilidad"}]},{"@type":"WebSite","@id":"https:\/\/solvitsl.com\/tienda\/#website","url":"https:\/\/solvitsl.com\/tienda\/","name":"Solvit","description":"","publisher":{"@id":"https:\/\/solvitsl.com\/tienda\/#organization"},"potentialAction":[{"@type":"SearchAction","target":{"@type":"EntryPoint","urlTemplate":"https:\/\/solvitsl.com\/tienda\/?s={search_term_string}"},"query-input":{"@type":"PropertyValueSpecification","valueRequired":true,"valueName":"search_term_string"}}],"inLanguage":"es"},{"@type":"Organization","@id":"https:\/\/solvitsl.com\/tienda\/#organization","name":"Solvit","url":"https:\/\/solvitsl.com\/tienda\/","logo":{"@type":"ImageObject","inLanguage":"es","@id":"https:\/\/solvitsl.com\/tienda\/#\/schema\/logo\/image\/","url":"https:\/\/solvitsl.com\/tienda\/wp-content\/uploads\/2025\/02\/zipwp-image-4003.png","contentUrl":"https:\/\/solvitsl.com\/tienda\/wp-content\/uploads\/2025\/02\/zipwp-image-4003.png","width":440,"height":139,"caption":"Solvit"},"image":{"@id":"https:\/\/solvitsl.com\/tienda\/#\/schema\/logo\/image\/"}}]}},"uagb_featured_image_src":{"full":false,"thumbnail":false,"medium":false,"medium_large":false,"large":false,"1536x1536":false,"2048x2048":false,"trp-custom-language-flag":false,"woocommerce_thumbnail":false,"woocommerce_single":false,"woocommerce_gallery_thumbnail":false},"uagb_author_info":{"display_name":"tdscd3yxypcp","author_link":"https:\/\/solvitsl.com\/tienda\/author\/tdscd3yxypcp\/"},"uagb_comment_info":0,"uagb_excerpt":"IMSSOLVIT S.L., entidad privada empresarial, se ha comprometido a hacer accesible su sitio web, de conformidad con el Real Decreto [&hellip;]","_links":{"self":[{"href":"https:\/\/solvitsl.com\/tienda\/wp-json\/wp\/v2\/pages\/1635","targetHints":{"allow":["GET"]}}],"collection":[{"href":"https:\/\/solvitsl.com\/tienda\/wp-json\/wp\/v2\/pages"}],"about":[{"href":"https:\/\/solvitsl.com\/tienda\/wp-json\/wp\/v2\/types\/page"}],"author":[{"embeddable":true,"href":"https:\/\/solvitsl.com\/tienda\/wp-json\/wp\/v2\/users\/10"}],"replies":[{"embeddable":true,"href":"https:\/\/solvitsl.com\/tienda\/wp-json\/wp\/v2\/comments?post=1635"}],"version-history":[{"count":1,"href":"https:\/\/solvitsl.com\/tienda\/wp-json\/wp\/v2\/pages\/1635\/revisions"}],"predecessor-version":[{"id":1636,"href":"https:\/\/solvitsl.com\/tienda\/wp-json\/wp\/v2\/pages\/1635\/revisions\/1636"}],"wp:attachment":[{"href":"https:\/\/solvitsl.com\/tienda\/wp-json\/wp\/v2\/media?parent=1635"}],"curies":[{"name":"wp","href":"https:\/\/api.w.org\/{rel}","templated":true}]}}